{"id":69,"date":"2016-08-17T15:56:04","date_gmt":"2016-08-17T13:56:04","guid":{"rendered":"http:\/\/www.poidlbauer.at\/?page_id=69"},"modified":"2026-04-21T11:59:00","modified_gmt":"2026-04-21T09:59:00","slug":"poidlbauernkogel","status":"publish","type":"page","link":"https:\/\/www.poidlbauer.at\/?page_id=69","title":{"rendered":"Poidlbauernkogl"},"content":{"rendered":"\n<p><span style=\"color: #3366ff;\"><a style=\"color: #3366ff;\" tabindex=\"-1\" href=\"http:\/\/www.poidlbauer.at\/?page_id=60\"><mark style=\"background-color:rgba(0, 0, 0, 0)\" class=\"has-inline-color has-vivid-green-cyan-color\">JETZT BUCHEN<\/mark><\/a><\/span><\/p>\n\n\n\n<p><span class=\"description standardtext ng-binding\">Unser<span style=\"color: #3366ff;\"><strong> <mark style=\"background-color:rgba(0, 0, 0, 0)\" class=\"has-inline-color has-vivid-green-cyan-color\">Apartment Nummer 3 \u201ePoidlbauernkogl\u201c<\/mark> <\/strong><\/span>(ca. 65 m\u00b2) verf\u00fcgt \u00fcber eine voll ausgestattete Kochzeile mit Geschirrsp\u00fcler und Filterkaffeemaschine, ein Schlafzimmer und ein Wohnzimmer, eine Terrasse mit Panoramablick auf die G\u00f6stlinger Bergwelt, Dusche\/WC und Vollholzm\u00f6bel.<\/span><\/p>\n\n\n\nngg_shortcode_0_placeholder\n\n\n\n<figure class=\"wp-block-table\"><table><thead><tr><th>&nbsp;<\/th><th>&nbsp;<\/th><th>&nbsp;<\/th><th>&nbsp;<\/th><\/tr><\/thead><tbody><tr><td>\u00dcbernachtung f\u00fcr 2 Pers.<\/td><td>ab \u20ac&nbsp;&nbsp; 95,00<\/td><td>&nbsp;<\/td><td>&nbsp;<\/td><\/tr><tr><td>\u00dcbernachtung f\u00fcr 3 Pers.<\/td><td>ab \u20ac 130,00<\/td><td>&nbsp;<\/td><td>&nbsp;<\/td><\/tr><tr><td>\u00dcbernachtung f\u00fcr 4 Pers.<\/td><td>ab \u20ac 165,00<\/td><td>&nbsp;<\/td><td>&nbsp;<\/td><\/tr><tr><td>\u00dcbernachtung f\u00fcr 5 Pers.<\/td><td>ab \u20ac 195,00<\/td><td>&nbsp;<\/td><td>&nbsp;<\/td><\/tr><tr><td>Gitterbett f\u00fcr Ihr Kind bis 2 Jahre<br>\u00dcbernachtung Kind 0 &#8211; 1 Jahr im Bett der Eltern<\/td><td>ab \u20ac  20,00<br>gratis<\/td><td>&nbsp;<\/td><td>&nbsp;<\/td><\/tr><\/tbody><\/table><\/figure>\n\n\n\n<p class=\"has-text-align-right\">Die Preise verstehen sich<span style=\"color: #008000;\"><span style=\"color: #3366ff;\"> <mark style=\"background-color:rgba(0, 0, 0, 0)\" class=\"has-inline-color has-vivid-green-cyan-color\">exkl. Ortstaxe<\/mark><\/span>\u00a0<\/span>\u20ac 2,60 pro Nacht pro Person ab einem Alter von 15 Jahren.<\/p>\n\n\n\n<p class=\"has-text-align-right\">Wir berechnen<span style=\"color: #3366ff;\">\u00a0<mark style=\"background-color:rgba(0, 0, 0, 0)\" class=\"has-inline-color has-vivid-green-cyan-color\">keine Endreinigung.<\/mark><\/span><\/p>\n\n\n\n<p class=\"has-text-align-right\">&nbsp;<\/p>\n\n\n\n<p class=\"has-text-align-right\">&nbsp;<\/p>\n\n\n","protected":false},"excerpt":{"rendered":"<p>JETZT BUCHEN Unser Apartment Nummer 3 \u201ePoidlbauernkogl\u201c (ca. 65 m\u00b2) verf\u00fcgt \u00fcber eine voll ausgestattete Kochzeile mit Geschirrsp\u00fcler und Filterkaffeemaschine, ein Schlafzimmer und ein Wohnzimmer, eine Terrasse mit Panoramablick auf die G\u00f6stlinger Bergwelt, Dusche\/WC und Vollholzm\u00f6bel. &nbsp; &nbsp; &nbsp; &nbsp;&#8230; <\/p>\n","protected":false},"author":1,"featured_media":0,"parent":0,"menu_order":0,"comment_status":"closed","ping_status":"closed","template":"","meta":{"ngg_post_thumbnail":0,"footnotes":""},"class_list":["post-69","page","type-page","status-publish","hentry"],"amp_enabled":true,"_links":{"self":[{"href":"https:\/\/www.poidlbauer.at\/index.php?rest_route=\/wp\/v2\/pages\/69","targetHints":{"allow":["GET"]}}],"collection":[{"href":"https:\/\/www.poidlbauer.at\/index.php?rest_route=\/wp\/v2\/pages"}],"about":[{"href":"https:\/\/www.poidlbauer.at\/index.php?rest_route=\/wp\/v2\/types\/page"}],"author":[{"embeddable":true,"href":"https:\/\/www.poidlbauer.at\/index.php?rest_route=\/wp\/v2\/users\/1"}],"replies":[{"embeddable":true,"href":"https:\/\/www.poidlbauer.at\/index.php?rest_route=%2Fwp%2Fv2%2Fcomments&post=69"}],"version-history":[{"count":87,"href":"https:\/\/www.poidlbauer.at\/index.php?rest_route=\/wp\/v2\/pages\/69\/revisions"}],"predecessor-version":[{"id":1736,"href":"https:\/\/www.poidlbauer.at\/index.php?rest_route=\/wp\/v2\/pages\/69\/revisions\/1736"}],"wp:attachment":[{"href":"https:\/\/www.poidlbauer.at\/index.php?rest_route=%2Fwp%2Fv2%2Fmedia&parent=69"}],"curies":[{"name":"wp","href":"https:\/\/api.w.org\/{rel}","templated":true}]}}