{"id":26,"date":"2016-08-02T16:16:17","date_gmt":"2016-08-02T14:16:17","guid":{"rendered":"http:\/\/www.poidlbauer.at\/?page_id=26"},"modified":"2024-05-28T10:24:15","modified_gmt":"2024-05-28T08:24:15","slug":"sommer","status":"publish","type":"page","link":"https:\/\/www.poidlbauer.at\/?page_id=26","title":{"rendered":"Sommer"},"content":{"rendered":"<h4 style=\"text-align: center;\"><span style=\"font-family: andale mono,monospace;\">Unsere Empfehlungen f\u00fcr Ihren Sommerurlaub in G\u00f6stling<\/span><\/h4>\n<h5 style=\"text-align: center;\"><span style=\"color: #008000;\"><a style=\"color: #008000;\" href=\"http:\/\/www.ybbstaler-alpen.at\">www.ybbstaler-alpen.at<\/a><\/span><\/h5>\n<p><span style=\"color: #008000;\"><img loading=\"lazy\" decoding=\"async\" class=\" wp-image-156 alignleft\" src=\"http:\/\/www.poidlbauer.at\/wp-content\/uploads\/2016\/08\/logo_goestling-hochkar-1.png\" alt=\"logo_goestling-hochkar-1\" width=\"83\" height=\"88\"><\/span><\/p>\n<p><span style=\"color: #008000;\"><a style=\"color: #008000;\" href=\"http:\/\/www.goestling.at\"><br \/>\nwww.<strong>goestling<\/strong>.at<\/a><\/span><\/p>\n<p><span style=\"color: #008000;\"><a style=\"color: #008000;\" href=\"http:\/\/www.hochkar.com\">Wandergebiet Hochkar<\/a> | <a style=\"color: #008000;\" href=\"http:\/\/www.ybbstaler-solebad.at\/\">Ybbstaler Solebad G\u00f6stling<\/a>&nbsp; <a style=\"color: #008000;\" href=\"https:\/\/erlebniswelt-mendlingtal.at\/\"><span style=\"color: #339966;\">&nbsp;&nbsp;<\/span>&nbsp; Erlebniswelt Mendlingtal<\/a> | <a style=\"color: #008000;\" href=\"https:\/\/erlebniswelt-mendlingtal.at\/gostling\/wandern\/hochreit\/\">Moorlehrpfad &#8222;Leckermoos&#8220;<\/a><\/span><\/p>\n<p><strong><u>|<a href=\"http:\/\/www.emotionlifecenter.com\"><span style=\"color: #008000;\">http:\/\/www.emotionlifecenter.com<\/span> &nbsp;&nbsp; <\/a><\/u><\/strong><strong><u>im Ybbstaler Solebad G\u00f6stling<\/u><\/strong><\/p>\n<p>Tanken Sie neue Kraft f\u00fcr den Alltag &#8211; tauchen Sie ein in eine Welt der Bewegung und Entspannung <strong><a href=\"https:\/\/www.ybbstaler-alpen.at\/alle-ausflugsziele\/a-emotion-life-center\"><span style=\"color: #008000;\">Emotion Life Center &#8211; Therapiezentrum (ybbstaler-alpen.at)<\/span><\/a><\/strong><\/p>\n<hr>\n<p style=\"text-align: center;\"><span style=\"color: #008000;\"><img loading=\"lazy\" decoding=\"async\" class=\"wp-image-173 alignleft\" src=\"http:\/\/www.poidlbauer.at\/wp-content\/uploads\/2016\/08\/logo_hollensteinyngbgr_rgb_0-1-300x200.jpg\" alt=\"logo_hollensteinyngbgr_rgb_0\" width=\"98\" height=\"65\" srcset=\"https:\/\/www.poidlbauer.at\/wp-content\/uploads\/2016\/08\/logo_hollensteinyngbgr_rgb_0-1-300x200.jpg 300w, https:\/\/www.poidlbauer.at\/wp-content\/uploads\/2016\/08\/logo_hollensteinyngbgr_rgb_0-1-768x512.jpg 768w, https:\/\/www.poidlbauer.at\/wp-content\/uploads\/2016\/08\/logo_hollensteinyngbgr_rgb_0-1.jpg 1024w\" sizes=\"auto, (max-width: 98px) 100vw, 98px\" \/><\/span><\/p>\n<p><span style=\"color: #008000;\"><a style=\"color: #008000;\" href=\"http:\/\/www.hollenstein.at\">www.<strong>hollenstein<\/strong>.at<\/a><\/span><\/p>\n<p><span style=\"color: #008000;\"><a style=\"color: #008000;\" href=\"http:\/\/www.gasthof-jagersberger.at\/\">Kr\u00e4uter- und Erlebnisgarten am K\u00f6nigsberg &#8211; Hollenstein\/Ybbs<\/a> | <a style=\"color: #008000;\" href=\"http:\/\/www.freizeitverein.at\">Ybbsstrandbad Hollenstein\/Ybbs <\/a><\/span><\/p>\n<hr>\n<p style=\"text-align: center;\">&nbsp;<\/p>\n<p><span style=\"color: #008000;\"><img loading=\"lazy\" decoding=\"async\" class=\"wp-image-174 alignleft\" src=\"http:\/\/www.poidlbauer.at\/wp-content\/uploads\/2016\/08\/logo-lunz-300x79.png\" alt=\"logo-lunz\" width=\"190\" height=\"50\" srcset=\"https:\/\/www.poidlbauer.at\/wp-content\/uploads\/2016\/08\/logo-lunz-300x79.png 300w, https:\/\/www.poidlbauer.at\/wp-content\/uploads\/2016\/08\/logo-lunz.png 325w\" sizes=\"auto, (max-width: 190px) 100vw, 190px\" \/><\/span><\/p>\n<p style=\"text-align: left;\"><span style=\"color: #008000;\"><a style=\"color: #008000;\" href=\"http:\/\/www.lunz.at\">www.<strong>lunz<\/strong>.at<\/a><\/span><\/p>\n<p><span style=\"color: #008000;\"><a style=\"color: #008000;\" href=\"http:\/\/www.lunz.at\/de\/urlaub-in-lunz\/sehenswuerdigkeiten\/die-lunzer-seen.html\">Lunzer See<\/a> | <a style=\"color: #008000;\" href=\"http:\/\/www.lunz.at\/de\/kunst-kultur\/museen\/hammerherrenmuseum.html\">Hammerherrenmuseum im Amonhaus &#8211; Lunz\/See<\/a><\/span><\/p>\n<hr>\n<p style=\"text-align: center;\">&nbsp;<\/p>\n<p><span style=\"color: #008000;\"><a style=\"color: #008000;\" href=\"http:\/\/www.tierpark.at\/\"><img loading=\"lazy\" decoding=\"async\" class=\"wp-image-189 alignleft\" src=\"http:\/\/www.poidlbauer.at\/wp-content\/uploads\/2016\/08\/Waidhofen-Stadtturm-Logo-RGB-195x300-195x300.png\" alt=\"Waidhofen-Stadtturm-Logo-RGB-195x300\" width=\"56\" height=\"86\"><\/a><\/span><\/p>\n<p><span style=\"color: #008000;\"><a style=\"color: #008000;\" href=\"http:\/\/www.waidhofen.at\">www.<strong>waidhofen<\/strong>.at<\/a><\/span><\/p>\n<p><span style=\"color: #008000;\"><a style=\"color: #008000;\" href=\"http:\/\/www.tierpark.at\">Natur- und Erlebnispark Buchenberg &#8211; Waidhofen\/Ybbs<\/a> | <a style=\"color: #008000;\" href=\"http:\/\/www.5e-waidhofen.at\/\">5e Museum im Rothschildschloss &#8211; Waidhofen\/Ybbs<\/a><\/span><\/p>\n","protected":false},"excerpt":{"rendered":"<p>Unsere Empfehlungen f\u00fcr Ihren Sommerurlaub in G\u00f6stling www.ybbstaler-alpen.at www.goestling.at Wandergebiet Hochkar | Ybbstaler Solebad G\u00f6stling&nbsp; &nbsp;&nbsp;&nbsp; Erlebniswelt Mendlingtal | Moorlehrpfad &#8222;Leckermoos&#8220; |http:\/\/www.emotionlifecenter.com &nbsp;&nbsp; im Ybbstaler Solebad G\u00f6stling Tanken Sie neue Kraft f\u00fcr den Alltag &#8211; tauchen Sie ein in eine&#8230; <\/p>\n","protected":false},"author":1,"featured_media":0,"parent":0,"menu_order":0,"comment_status":"closed","ping_status":"closed","template":"","meta":{"ngg_post_thumbnail":0,"footnotes":""},"class_list":["post-26","page","type-page","status-publish","hentry"],"amp_enabled":true,"_links":{"self":[{"href":"https:\/\/www.poidlbauer.at\/index.php?rest_route=\/wp\/v2\/pages\/26","targetHints":{"allow":["GET"]}}],"collection":[{"href":"https:\/\/www.poidlbauer.at\/index.php?rest_route=\/wp\/v2\/pages"}],"about":[{"href":"https:\/\/www.poidlbauer.at\/index.php?rest_route=\/wp\/v2\/types\/page"}],"author":[{"embeddable":true,"href":"https:\/\/www.poidlbauer.at\/index.php?rest_route=\/wp\/v2\/users\/1"}],"replies":[{"embeddable":true,"href":"https:\/\/www.poidlbauer.at\/index.php?rest_route=%2Fwp%2Fv2%2Fcomments&post=26"}],"version-history":[{"count":10,"href":"https:\/\/www.poidlbauer.at\/index.php?rest_route=\/wp\/v2\/pages\/26\/revisions"}],"predecessor-version":[{"id":1420,"href":"https:\/\/www.poidlbauer.at\/index.php?rest_route=\/wp\/v2\/pages\/26\/revisions\/1420"}],"wp:attachment":[{"href":"https:\/\/www.poidlbauer.at\/index.php?rest_route=%2Fwp%2Fv2%2Fmedia&parent=26"}],"curies":[{"name":"wp","href":"https:\/\/api.w.org\/{rel}","templated":true}]}}